1000000 + 101?
-111011
In base 14, what is 33 - -10?
43
In base 15, what is -e - 1a?
-29
In base 8, what is 32435 + -1?
32434
In base 12, what is 5 - -1324?
1329
In base 12, what is 6a58 - 3?
6a55
In base 13, what is 0 + -96?
-96
In base 10, what is -29 + -5?
-34
In base 12, what is -9b - -1?
-9a
In base 2, what is -1011110 + -11?
-1100001
In base 15, what is -9e + 24?
-7a
In base 11, what is -3a - -5?
-35
In base 6, what is -405 - 2?
-411
In base 10, what is 238 + -98?
140
In base 12, what is -5 + -63b?
-644
In base 3, what is 1022100 + 201?
1100001
In base 6, what is 10 + 322?
332
In base 13, what is 0 + 40?
40
In base 9, what is 81 - -35?
126
In base 3, what is 11 - -10200011?
10200022
In base 12, what is 5 + 148?
151
In base 9, what is -8 + 123?
114
In base 16, what is 4 + -2f2?
-2ee
In base 9, what is 2023 + -6?
2016
In base 6, what is 0 + 145?
145
In base 16, what is -3 + -e6?
-e9
In base 3, what is 122120 - 11?
122102
In base 15, what is -2 + 4b?
49
In base 9, what is -2 + -57?
-60
In base 15, what is 2 + 9?
b
In base 6, what is -24 + 2?
-22
In base 7, what is -26056 - -2?
-26054
In base 5, what is -14 + -4223?
-4242
In base 9, what is 176 + 0?
176
In base 11, what is -14 + -13?
-27
In base 2, what is 1 + -1001000010?
-1001000001
In base 7, what is 631 - -3?
634
In base 10, what is 160 - 2?
158
In base 16, what is 8 - -46?
4e
In base 5, what is -3 - 41?
-44
In base 2, what is -1010000001100 + 10?
-1010000001010
In base 16, what is -4fa + 4?
-4f6
In base 3, what is -21220212 - 2?
-21220221
In base 5, what is 12 - -2?
14
In base 10, what is 77 - 5?
72
In base 2, what is 1 + 10011000?
10011001
In base 6, what is 1 - 2254?
-2253
In base 5, what is -102 - -302?
200
In base 4, what is 2013003 + -2?
2013001
In base 12, what is -71 - 122?
-193
In base 6, what is -23 + 12034?
12011
In base 3, what is -110 - 12?
-122
In base 7, what is -56 + 254?
165
In base 9, what is -36 + 68?
32
In base 12, what is 8 - 8?
0
In base 3, what is 100221 - -12?
101010
In base 16, what is -3a1 + -1?
-3a2
In base 14, what is 1b + -436?
-419
In base 9, what is 15 + -453?
-437
In base 10, what is -3323 - 4?
-3327
In base 2, what is -1010 - -111100000?
111010110
In base 4, what is -11 + -222?
-233
In base 15, what is 1 + 39?
3a
In base 15, what is -3 + 1b21?
1b1d
In base 4, what is 11 + 13030?
13101
In base 3, what is 2 + -111112?
-111110
In base 16, what is 22 - 0?
22
In base 2, what is 1 - -101010101?
101010110
In base 5, what is 22 - 201?
-124
In base 9, what is 2400 + 8?
2408
In base 4, what is 10 + -132?
-122
In base 16, what is 0 + -46?
-46
In base 9, what is 62 - 302?
-230
In base 5, what is 1002 + 11?
1013
In base 5, what is 33 - 1?
32
In base 6, what is -10310 - 5?
-10315
In base 15, what is -4 - -de?
da
In base 7, what is -26 - 131?
-160
In base 16, what is -1b - 35?
-50
In base 11, what is 851 + -5?
847
In base 11, what is 3 - -51?
54
In base 13, what is -8 + -42?
-4a
In base 9, what is -3 - 2347?
-2351
In base 5, what is -14 - -1143?
1124
In base 9, what is -457 - 0?
-457
In base 2, what is -1101 - -11011111?
11010010
In base 15, what is -3 + 197?
194
In base 13, what is 0 - 5c6?
-5c6
In base 6, what is 2 - -2035?
2041
In base 14, what is 6b + a3?
130
In base 12, what is -2 + 8a1?
89b
In base 11, what is 3 - 32?
-2a
In base 6, what is -25 + 13?
-12
In base 6, what is 24 + -1122?
-1054
In base 9, what is -4 + -16?
-21
In base 9, what is 2 - -1036?
1038
In base 11, what is 24 - -3?
27
In base 15, what is -241 + 1?
-240
In base 12, what is -3 - -3a?
37
In base 6, what is 25 + 450?
515
In base 9, what is 4 - 5754?
-5750
In base 5, what is -14 + 13?
-1
In base 13, what is -609 + 0?
-609
In base 10, what is 804 + -3?
801
In base 16, what is 5905 - 3?
5902
In base 15, what is -b28 + -1?
-b29
In base 9, what is -48 + -4?
-53
In base 8, what is 123 - 11?
112
In base 16, what is e + 31?
3f
In base 8, what is 22 - -1105?
1127
In base 5, what is -20 + 10?
-10
In base 13, what is -2988 - -7?
-2981
In base 7, what is -14 + -425?
-442
In base 4, what is 0 - -110?
110
In base 11, what is -5 + 1425?
1420
In base 8, what is -34 + -304?
-340
In base 2, what is 101011 + -1111010111?
-1110101100
In base 16, what is 9b - 0?
9b
In base 5, what is 42 + 140?
232
In base 16, what is -7 + -25?
-2c
In base 8, what is 41070 + -2?
41066
In base 11, what is 13 - -102?
115
In base 10, what is -413 + 4?
-409
In base 13, what is -182 - 6?
-188
In base 13, what is -1 - -1b97?
1b96
In base 7, what is 2 + 1603?
1605
In base 4, what is -332 + 10?
-322
In base 6, what is 422 + -11?
411
In base 12, what is 1 + -223?
-222
In base 7, what is -11211 - 5?
-11216
In base 9, what is 1 + -533?
-532
In base 7, what is 344 - -2?
346
In base 4, what is -10133 - 13?
-10212
In base 4, what is -12 - 21?
-33
In base 10, what is -20 + -19?
-39
In base 16, what is -1 - -1b4?
1b3
In base 2, what is 11111 + 10?
100001
In base 12, what is 0 - 49?
-49
In base 3, what is 21 - -21?
112
In base 13, what is -7 + 1b?
14
In base 7, what is 14 - 2?
12
In base 15, what is 4 - -1da8?
1dac
In base 7, what is 22 - -5?
30
In base 2, what is -1000 - 100?
-1100
In base 11, what is 378 + -2?
376
In base 9, what is -24 + -45?
-70
In base 13, what is -3 - 14c?
-152
In base 6, what is 21 - 22?
-1
In base 12, what is -1 - 17?
-18
In base 10, what is 5 - -73?
78
In base 13, what is -5 - 179?
-181
In base 15, what is -35 + 1?
-34
In base 5, what is 3 - 112442?
-112434
In base 15, what is 1e + -69?
-4a
In base 14, what is 0 + -12a2?
-12a2
In base 4, what is 1 - 30?
-23
In base 11, what is a + 2?
11
In base 13, what is 59 - 2?
57
In base 5, what is -32110 - -4?
-32101
In base 3, what is 21 + 12112?
12210
In base 5, what is 1 + 2022?
2023
In base 8, what is -40 - 14?
-54
In base 8, what is -3 + -167?
-172
In base 7, what is -22260 - -3?
-22254
In base 5, what is 1 - 200?
-144
In base 5, what is 2 - -420?
422
In base 7, what is 10211 + -2?
10206
In base 13, what is 6 + -a?
-4
In base 13, what is 1254 - -2?
1256
In base 15, what is -86 + 4?
-82
In base 13, what is -5 - -47?
42
In base 15, what is 220 - 2?
21d
In base 15, what is 1 - -1715?
1716
In base 11, what is 1 - -113?
114
In base 16, what is -2 + -1a9?
-1ab
In base 16, what is -3 - -81d?
81a
In base 9, what is 27 + 3?
31
In base 3, what is -21 - 2021?
-2112
In base 14, what is a + -48a?
-480
In base 12, what is b4 - -4?
b8
In base 5, what is -4 + -4?
-13
In base 8, what is 1247 - 3?
1244
In base 5, what is 43412 - 0?
43412
In base 11, what is -2 + 161?
15a
In base 7, what is -200054 - -3?
-200051
In base 16, what is 9cc5 - 3?
9cc2
In base 15, what is -1c1 - -20?
-1a1
In base 12, what is -b7 + 8?
-ab
In base 10, what is -196 - -2?
-194
In base 9, what is 2 - -727?
730
In base 6, what is 43314 + -2?
43312
In base 14, what is -3 - 2?
-5
In base 6, what is 1200 + 0?
1200
In base 9, what is 0 - 30?
-30
In base 8, what is 61 + 124?
205
In base 8, what is -4 - -610?
604
In base 16, what is a + -8f?
-85
In base 15, what is -3 - dd?
-e1
In base 5, what is 3000 - 4?
2441
In base 3, what is -112 + -1122?
-2011
In base 6, what is 1500 + 23?
1523
In base 4, what is -12113113 - 2?
-12113121
In base 7, what is 5 + 5216?
5224
In base 13, what is -45a4 + 4?
-45a0
In base 14, what is -28 - 5?
-2d
In base 2, what is -100000101001 + -11?
-100000101100
In base 8, what is -11 - -22?
11
In base 6, what is -154 + 1?
-153
In base 12, what is -2 + -55?
-57
In base 15, what is -4 + 1e?
1a
In base 7, what is 23 + 22?
45
In base 6, what is -141 - -35?
-102
In base 8, what is 6671 - 1?
6670
In base 4, what is 30130 - -2?
30132
In base 13, what is 4 + -64?
-60
In base 13, what is 25 + 12?
37
In base 9, what is -5710 + -4?
-5714
In base 3, what is -221 - -1101100?
1100102
In base 16, what is -9 - -35a?
351
In base 8, what is 22 - 374?
-352
In base 10, what is 2 - -2303?
2305
In base 16, what is 26a + -1?
269
In base 9, what is 412 + 26?
438
In base 9, what is -77 - 14?
-102
In base 12, what is -1 - -1323?
1322
In base 10, what is -4 - 100?
-104
In base 8, what is 3 + -1137?
-1134
In base 7, what is 441 + 1?
442
In base 3, what is -22 + -12?
-111
In base 7, what is 2 + -335?
-333
In base 3, what is 12000 + -220?
11010
In base 8, what is -1642 + 0?
-1642
In base 12, what is 1b7 + -1?
1b6
In base 5, what is -1 + 234